{"id":257,"date":"2014-07-10T16:13:44","date_gmt":"2014-07-10T15:13:44","guid":{"rendered":"http:\/\/valerie-brenugat.fr\/site\/?page_id=257"},"modified":"2026-04-10T09:16:09","modified_gmt":"2026-04-10T08:16:09","slug":"competences","status":"publish","type":"page","link":"http:\/\/www.valerie-brenugat.fr\/site\/competences\/","title":{"rendered":"COMPETENCES"},"content":{"rendered":"\n<p><\/p>\n\n\n<div style=\"color: #a7a7a7;\">\n<div><img loading=\"lazy\" class=\"alignleft size-full wp-image-2325\" src=\"http:\/\/www.valerie-brenugat.fr\/site\/wp-content\/uploads\/2019\/07\/bureau-bloc-smartphone.jpg\" alt=\"\" width=\"640\" height=\"426\" srcset=\"http:\/\/www.valerie-brenugat.fr\/site\/wp-content\/uploads\/2019\/07\/bureau-bloc-smartphone.jpg 640w, http:\/\/www.valerie-brenugat.fr\/site\/wp-content\/uploads\/2019\/07\/bureau-bloc-smartphone-300x200.jpg 300w\" sizes=\"(max-width: 640px) 100vw, 640px\" \/><\/div>\n<\/div>\n<h2>REDACTION ET REECRITURE<\/h2>\n<p>Compr\u00e9hension des attentes<br \/>Veille documentaire<br \/>Entretien avec les professionnels<br \/>Vulgarisation des contenus<br \/>Ma\u00eetrise du SEO (Search Engine Optimization) et des techniques r\u00e9dactionnelles de diff\u00e9rents supports (site web, journal papier, audiovisuel\u2026)<\/p>\n<h2>COMMUNICATION ET EVENEMENTIEL<\/h2>\n<p>Analyse des besoins<br \/>Elaboration de strat\u00e9gie de communication<br \/>Animation de r\u00e9seaux sociaux et de groupes de professionnels<br \/>Organisation d\u2019<strong><a title=\"BAR DES SCIENCES PARIS\" href=\"http:\/\/valerie-brenugat.fr\/site\/bar-des-sciences\/\">\u00e9v\u00e8nements<\/a><\/strong><br \/>D\u00e9veloppement du r\u00e9seau<br \/>Animation de <strong>r\u00e9seaux sociaux<\/strong>, de d\u00e9bats<strong>\u00a0<\/strong>et de<strong>\u00a0<\/strong>r\u00e9unions<br \/>Conseil sur l\u2019accompagnement du d\u00e9ploiement de <a title=\"Exp\u00e9rience INDUSTRIE\" href=\"http:\/\/valerie-brenugat.fr\/site\/industrie\/\">projets de <strong>changement<\/strong><\/a><\/p>\n<h2>RELATIONS AVEC LA PRESSE<\/h2>\n<p>Mise en valeur des sujets d\u00e9finis<br \/>Veille m\u00e9dia<br \/>Entretien avec l\u2019expert concern\u00e9<br \/>Contact avec les journalistes<\/p>\n<h2>EDITION<\/h2>\n<p>Choix \u00e9ditoriaux<br \/>Conception\u00a0et relecture de document de communication avec le prestataire<br \/>Contribution \u00e0 la politique de la ligne \u00e9ditoriale<br \/>Coordination de comit\u00e9 \u00e9ditorial<br \/>Recherche iconographique sur des banques d&rsquo;images<br \/>\u00c9laboration des chemins de fer de revues et\u00a0 du planning r\u00e9dactionnel annuel<br \/>Mettre en ligne des documents<br \/>Suivi de la fabrication des revues<\/p>\n<h2>LANGUES<\/h2>\n<p>Anglais courant<br \/>Allemand et russe : notions<\/p>\n<h2>LOGICIELS DE BUREAUTIQUE, GRAPHISME ET MULTIMEDIA<\/h2>\n<p>Ma\u00eetrise des logiciels et applications : Excel, Filmic Pro, Final Cut Pro, Illustrator, IA G\u00e9n\u00e9rative, InDesign, Microsoft Teams , Photoshop, Premiere, PowerPoint, \u00a0Slack, Soundtrack, Trello, Word et WordPress\u00a0<\/p>\n<h2>INFORMATIQUE<\/h2>\n<p>Ma\u00eetrise de HTML et de CSS<\/p>","protected":false},"excerpt":{"rendered":"<p>REDACTION ET REECRITURE Compr\u00e9hension des attentesVeille documentaireEntretien avec les professionnelsVulgarisation des contenusMa\u00eetrise du SEO (Search Engine Optimization) et des techniques r\u00e9dactionnelles de diff\u00e9rents supports (site web, journal papier, audiovisuel\u2026) COMMUNICATION ET EVENEMENTIEL Analyse des besoinsElaboration de strat\u00e9gie de communicationAnimation de&#8230;<\/p>\n","protected":false},"author":1,"featured_media":2325,"parent":0,"menu_order":0,"comment_status":"open","ping_status":"open","template":"","meta":[],"_links":{"self":[{"href":"http:\/\/www.valerie-brenugat.fr\/site\/wp-json\/wp\/v2\/pages\/257"}],"collection":[{"href":"http:\/\/www.valerie-brenugat.fr\/site\/wp-json\/wp\/v2\/pages"}],"about":[{"href":"http:\/\/www.valerie-brenugat.fr\/site\/wp-json\/wp\/v2\/types\/page"}],"author":[{"embeddable":true,"href":"http:\/\/www.valerie-brenugat.fr\/site\/wp-json\/wp\/v2\/users\/1"}],"replies":[{"embeddable":true,"href":"http:\/\/www.valerie-brenugat.fr\/site\/wp-json\/wp\/v2\/comments?post=257"}],"version-history":[{"count":66,"href":"http:\/\/www.valerie-brenugat.fr\/site\/wp-json\/wp\/v2\/pages\/257\/revisions"}],"predecessor-version":[{"id":4032,"href":"http:\/\/www.valerie-brenugat.fr\/site\/wp-json\/wp\/v2\/pages\/257\/revisions\/4032"}],"wp:featuredmedia":[{"embeddable":true,"href":"http:\/\/www.valerie-brenugat.fr\/site\/wp-json\/wp\/v2\/media\/2325"}],"wp:attachment":[{"href":"http:\/\/www.valerie-brenugat.fr\/site\/wp-json\/wp\/v2\/media?parent=257"}],"curies":[{"name":"wp","href":"https:\/\/api.w.org\/{rel}","templated":true}]}}