{"id":806,"date":"2014-07-14T11:28:47","date_gmt":"2014-07-14T10:28:47","guid":{"rendered":"http:\/\/www.valerie-brenugat.fr\/site\/?page_id=806"},"modified":"2026-04-10T09:14:37","modified_gmt":"2026-04-10T08:14:37","slug":"projet-professionnel","status":"publish","type":"page","link":"http:\/\/www.valerie-brenugat.fr\/site\/projet-professionnel\/","title":{"rendered":"PROJET PROFESSIONNEL"},"content":{"rendered":"\n<p><\/p>\n\n\n<p><img loading=\"lazy\" class=\"size-full wp-image-515 aligncenter\" src=\"http:\/\/www.valerie-brenugat.fr\/site\/wp-content\/uploads\/2014\/06\/communication-agence1.jpg\" alt=\"\" width=\"640\" height=\"426\" srcset=\"http:\/\/www.valerie-brenugat.fr\/site\/wp-content\/uploads\/2014\/06\/communication-agence1.jpg 640w, http:\/\/www.valerie-brenugat.fr\/site\/wp-content\/uploads\/2014\/06\/communication-agence1-300x199.jpg 300w\" sizes=\"(max-width: 640px) 100vw, 640px\" \/><\/p>\n<p>Passionn\u00e9e par la gestion de projets \u00e9ditoriaux, la cr\u00e9ation de contenu et l\u2019organisation d\u2019\u00e9v\u00e9nements, je mets mon savoir-faire et mon \u00e9nergie au service d\u2019\u00e9quipes engag\u00e9es dans des projets innovants.<\/p>\n<p>Gr\u00e2ce \u00e0 une solide exp\u00e9rience dans des <a href=\"http:\/\/www.valerie-brenugat.fr\/site\/organismes-de-recherche\/\">organismes de recherche<\/a>, des <a href=\"http:\/\/www.valerie-brenugat.fr\/site\/agences-de-communication\">agences de communication<\/a>, des <a href=\"http:\/\/www.valerie-brenugat.fr\/site\/bar-des-sciences\">associations<\/a>, l\u2019<a href=\"http:\/\/www.valerie-brenugat.fr\/site\/industrie\" target=\"_blank\" rel=\"noopener noreferrer\">industrie<\/a> et les <a href=\"http:\/\/www.valerie-brenugat.fr\/site\/presse\/\">m\u00e9dias<\/a>, je suis devenue une professionnelle de la communication et de l&rsquo;information et j&rsquo;ai acquis une expertise dans les secteurs scientifiques, techniques et industriels.\u00a0<\/p>\n<p>Lors de ce parcours, j\u2019ai d\u00e9velopp\u00e9 4 comp\u00e9tences : la r\u00e9daction, la gestion \u00e9ditoriale, la communication interne et externe et l\u2019organisation d\u2019\u00e9v\u00e8nements.<\/p>\n<p>Premi\u00e8rement, j\u2019ai des <strong>comp\u00e9tences r\u00e9dactionnelles<\/strong>.\u00a0 Ainsi, je peux r\u00e9diger ou r\u00e9\u00e9crire des sujets pour des revues print, des sites Internet, des <a style=\"font-size: revert;\" title=\"BAR DES SCIENCES PARIS\" href=\"http:\/\/valerie-brenugat.fr\/site\/bar-des-sciences\/\">r\u00e9seaux sociaux<\/a>, des plaquettes et des livres.<\/p>\n<p>Deuxi\u00e8mement, je dispose de\u00a0comp\u00e9tences<strong> \u00e9ditoriales<\/strong>. Ainsi, je peux \u00e9laborer des plannings r\u00e9dactionnels. assurer la coordination, le suivi technique et la validation de la production \u00e9ditoriale. Je peux aussi travailler avec un comit\u00e9 \u00e9ditorial, un maquettiste et un imprimeur et mettre en ligne des contenus sur des sites Internet.<\/p>\n<p>Troisi\u00e8mement, j\u2019ai des comp\u00e9tences de <strong>communication interne et externe<\/strong>. Je peux r\u00e9diger un bilan d&rsquo;un programme de transformation, conseiller des actions pour d\u00e9velopper la communication sur le changement et assurer les relations avec la presse.<\/p>\n<p>Enfin, ma derni\u00e8re comp\u00e9tence est <strong>\u00e9v\u00e8nementielle<\/strong>. Actuellement, dans l\u2019association Bar des Sciences Paris, je recherche des experts, je r\u00e9dige des annonces, j\u2019anime des d\u00e9bats et je communique sur les r\u00e9seaux sociaux : Bluesky, Facebook, Instagram, LinkedIn, X et YouTube.\u00a0 \u00a0<\/p>\n<p>Mon projet est donc d\u2019\u00e9voluer vers un poste de <strong>responsable \u00e9ditoriale multicanal<\/strong>.<\/p>\n<p>Curieuse, volontaire et rigoureuse, je mets mon dynamisme et mon sens du collectif au service de projets porteurs de sens.<\/p>\n<p>Voici mon pitch vid\u00e9o :<\/p>\n<p><iframe loading=\"lazy\" title=\"Pitch vid\u00e9o \u2013 Responsable \u00e9ditoriale | Communication scientifique, technique ou industrielle\" width=\"640\" height=\"360\" src=\"https:\/\/www.youtube.com\/embed\/rG_zhK1vwjM?feature=oembed\" frameborder=\"0\" allow=\"accelerometer; autoplay; clipboard-write; encrypted-media; gyroscope; picture-in-picture; web-share\" referrerpolicy=\"strict-origin-when-cross-origin\" allowfullscreen><\/iframe><\/p>\n<p>Au plaisir d&rsquo;\u00e9changer !<\/p>\n<p><a href=\"https:\/\/www.linkedin.com\/in\/valeriebrenugat\/\" target=\"_blank\" rel=\"noopener\">Val\u00e9rie Brenugat<\/a><\/p>\n<p><!--more--><\/p>\n<p>\u00a0<\/p>\n\n\n<p><\/p>\n","protected":false},"excerpt":{"rendered":"<p>Passionn\u00e9e par la gestion de projets \u00e9ditoriaux, la cr\u00e9ation de contenu et l\u2019organisation d\u2019\u00e9v\u00e9nements, je mets mon savoir-faire et mon \u00e9nergie au service d\u2019\u00e9quipes engag\u00e9es dans des projets innovants. Gr\u00e2ce \u00e0 une solide exp\u00e9rience dans des organismes de recherche, des&#8230;<\/p>\n","protected":false},"author":1,"featured_media":0,"parent":0,"menu_order":0,"comment_status":"closed","ping_status":"closed","template":"","meta":[],"_links":{"self":[{"href":"http:\/\/www.valerie-brenugat.fr\/site\/wp-json\/wp\/v2\/pages\/806"}],"collection":[{"href":"http:\/\/www.valerie-brenugat.fr\/site\/wp-json\/wp\/v2\/pages"}],"about":[{"href":"http:\/\/www.valerie-brenugat.fr\/site\/wp-json\/wp\/v2\/types\/page"}],"author":[{"embeddable":true,"href":"http:\/\/www.valerie-brenugat.fr\/site\/wp-json\/wp\/v2\/users\/1"}],"replies":[{"embeddable":true,"href":"http:\/\/www.valerie-brenugat.fr\/site\/wp-json\/wp\/v2\/comments?post=806"}],"version-history":[{"count":41,"href":"http:\/\/www.valerie-brenugat.fr\/site\/wp-json\/wp\/v2\/pages\/806\/revisions"}],"predecessor-version":[{"id":4031,"href":"http:\/\/www.valerie-brenugat.fr\/site\/wp-json\/wp\/v2\/pages\/806\/revisions\/4031"}],"wp:attachment":[{"href":"http:\/\/www.valerie-brenugat.fr\/site\/wp-json\/wp\/v2\/media?parent=806"}],"curies":[{"name":"wp","href":"https:\/\/api.w.org\/{rel}","templated":true}]}}

<p></p>


<p><img loading="lazy" class="size-full wp-image-515 aligncenter" src="http://www.valerie-brenugat.fr/site/wp-content/uploads/2014/06/communication-agence1.jpg" alt="" width="640" height="426" srcset="http://www.valerie-brenugat.fr/site/wp-content/uploads/2014/06/communication-agence1.jpg 640w, http://www.valerie-brenugat.fr/site/wp-content/uploads/2014/06/communication-agence1-300x199.jpg 300w" sizes="(max-width: 640px) 100vw, 640px" /></p>
<p>Passionnée par la gestion de projets éditoriaux, la création de contenu et l’organisation d’événements, je mets mon savoir-faire et mon énergie au service d’équipes engagées dans des projets innovants.</p>
<p>Grâce à une solide expérience dans des <a href="http://www.valerie-brenugat.fr/site/organismes-de-recherche/">organismes de recherche</a>, des <a href="http://www.valerie-brenugat.fr/site/agences-de-communication">agences de communication</a>, des <a href="http://www.valerie-brenugat.fr/site/bar-des-sciences">associations</a>, l’<a href="http://www.valerie-brenugat.fr/site/industrie" target="_blank" rel="noopener noreferrer">industrie</a> et les <a href="http://www.valerie-brenugat.fr/site/presse/">médias</a>, je suis devenue une professionnelle de la communication et de l&rsquo;information et j&rsquo;ai acquis une expertise dans les secteurs scientifiques, techniques et industriels. </p>
<p>Lors de ce parcours, j’ai développé 4 compétences : la rédaction, la gestion éditoriale, la communication interne et externe et l’organisation d’évènements.</p>
<p>Premièrement, j’ai des <strong>compétences rédactionnelles</strong>.  Ainsi, je peux rédiger ou réécrire des sujets pour des revues print, des sites Internet, des <a style="font-size: revert;" title="BAR DES SCIENCES PARIS" href="http://valerie-brenugat.fr/site/bar-des-sciences/">réseaux sociaux</a>, des plaquettes et des livres.</p>
<p>Deuxièmement, je dispose de compétences<strong> éditoriales</strong>. Ainsi, je peux élaborer des plannings rédactionnels. assurer la coordination, le suivi technique et la validation de la production éditoriale. Je peux aussi travailler avec un comité éditorial, un maquettiste et un imprimeur et mettre en ligne des contenus sur des sites Internet.</p>
<p>Troisièmement, j’ai des compétences de <strong>communication interne et externe</strong>. Je peux rédiger un bilan d&rsquo;un programme de transformation, conseiller des actions pour développer la communication sur le changement et assurer les relations avec la presse.</p>
<p>Enfin, ma dernière compétence est <strong>évènementielle</strong>. Actuellement, dans l’association Bar des Sciences Paris, je recherche des experts, je rédige des annonces, j’anime des débats et je communique sur les réseaux sociaux : Bluesky, Facebook, Instagram, LinkedIn, X et YouTube.   </p>
<p>Mon projet est donc d’évoluer vers un poste de <strong>responsable éditoriale multicanal</strong>.</p>
<p>Curieuse, volontaire et rigoureuse, je mets mon dynamisme et mon sens du collectif au service de projets porteurs de sens.</p>
<p>Voici mon pitch vidéo :</p>
<p><iframe loading="lazy" title="Pitch vidéo – Responsable éditoriale | Communication scientifique, technique ou industrielle" width="640" height="360" src="https://www.youtube.com/embed/rG_zhK1vwjM?feature=oembed" frameborder="0" allow="accelerometer; autoplay; clipboard-write; encrypted-media; gyroscope; picture-in-picture; web-share" referrerpolicy="strict-origin-when-cross-origin" allowfullscreen></iframe></p>
<p>Au plaisir d&rsquo;échanger !</p>
<p><a href="https://www.linkedin.com/in/valeriebrenugat/" target="_blank" rel="noopener">Valérie Brenugat</a></p>
<p><!--more--></p>
<p> </p>


<p></p>

<p>Passionnée par la gestion de projets éditoriaux, la création de contenu et l’organisation d’événements, je mets mon savoir-faire et mon énergie au service d’équipes engagées dans des projets innovants. Grâce à une solide expérience dans des organismes de recherche, des&#8230;</p>
